{"id":17,"date":"2018-01-29T11:39:51","date_gmt":"2018-01-29T10:39:51","guid":{"rendered":"http:\/\/www.isg-saar.de\/wordpress?page_id=17"},"modified":"2018-03-15T12:24:03","modified_gmt":"2018-03-15T11:24:03","slug":"kontakt-2","status":"publish","type":"page","link":"http:\/\/isg-saar.de\/wordpress\/kontakt-2\/","title":{"rendered":"Unsere Leistungen"},"content":{"rendered":"<div class=\"content-5-2 content-section content-section-spacing\" id=\"content-13\" style=\"background-color: #ffffff;\" data-id=\"content-5-2\" data-label=\"Content\" data-export-id=\"content-5-2\" data-category=\"content\">\r\n<div class=\"gridContainer\">\r\n<div class=\"row text-center\">\r\n<div class=\"section-title-col\" data-type=\"column\">\r\n<h1><\/h1>\r\n<h2>Landverkehre<\/h2>\r\n<p class=\"lead\">Die ISG ist in Saarwellingen zu Hause und damit ideal ans deutsche und ans europ\u00e4ische Autobahnnetz angebunden. Wir agieren national und international, sind europaweit mit zuverl\u00e4ssigen Partnern vor Ort vernetzt und pflegen Kontakte in alle Industriezentren Europas. Das macht uns zum idealen Ansprechpartner f\u00fcr Transporte jeglicher Art.<\/p>\r\n\r\n<\/div>\r\n<\/div>\r\n<div class=\"row middle-sm\">\r\n<div class=\"col-sm-6 flexbox around-xs top-xs\">\r\n<div class=\"overlay-box flexbox middle-xs center-xs overlay-holder\">\r\n<div class=\"overlay-box-offset offset-background shadow-medium bg-color2 hide-xs\"><\/div>\r\n<img class=\"flexbox shadow-large img1\" src=\"http:\/\/www.isg-saar.de\/wordpress\/wp-content\/uploads\/2018\/03\/cropped-20180226_113418-2.jpg\" data-size=\"500x500\" \/>\r\n\r\n<\/div>\r\n<\/div>\r\n<div class=\"col-sm-6 space-bottom-xs\">\r\n<div class=\"row space-bottom\" data-type=\"column\">\r\n<h3 class=\"color2\"><span style=\"font-style: italic;\"><span style=\"color: #1dbc01;\">Effektives<\/span> <span style=\"color: #1dbc01;\">Arbeiten erfordert Flexibilit\u00e4t \u2013<\/span> <span style=\"color: #1dbc01;\">eine unserer St\u00e4rken!<\/span><\/span><\/h3>\r\nUnsere regional spezialisierten Expertenteams halten engen Kontakt zu unseren Partnern vor Ort und sorgen daf\u00fcr, dass wir ein umfangreiches Portfolio unterschiedlicher Transportleistungen anbieten k\u00f6nnen.\r\n\r\n<\/div>\r\n<div class=\"row space-bottom\" data-type=\"row\">\r\n<div class=\"col-sm-6 space-bottom\">\r\n\r\n<i class=\"fa icon fa-codepen medium color1\"> <\/i>\r\n<h5><span style=\"display: inline !important; float: none; background-color: transparent; color: #3c424f; font-family: Muli,Helvetica,Arial,sans-serif; font-size: 16px; font-style: normal; font-variant: normal; font-weight: 800; letter-spacing: 2px; line-height: 24px; -ms-user-select: element; orphans: 2; text-align: left; text-decoration: none; text-indent: 0px; text-transform: none; -webkit-text-stroke-width: 0px; white-space: normal; word-spacing: 0px; word-wrap: break-word;\">Deutschland und Umgebung<\/span><\/h5>\r\n<ul>\r\n \t<li>Deutschland, Benelux<\/li>\r\n \t<li>St\u00fcckgute, Teilpartien und Komplettladungen im 24- und 48-Stunden-Rhythmus<\/li>\r\n \t<li>Komplettladungen, systemfreier Empfang, fl\u00e4chendeckende Distribution und Paketdienst<\/li>\r\n \t<li>Ansprechpartner: Kai Waschb\u00fcsch, J\u00fcrgen Stodtmann, Christoph Kohl<\/li>\r\n<\/ul>\r\n<a class=\"button color1\" href=\"mailto:kai.waschbuesch@isg-saar.de\" target=\"_self\" data-cp-link=\"1\" data-icon=\"\">Kontakt zum Deutschland\/Benelux-Team<\/a>\r\n\r\n<\/div>\r\n<div class=\"col-sm-6\">\r\n\r\n<i class=\"fa icon fa-codepen medium color1\"> <\/i>\r\n<h5>Nord- und Osteuropa<\/h5>\r\n<ul>\r\n \t<li>Gro\u00dfbritannien, Skandinavien, Balkan, Osteuropa<\/li>\r\n \t<li>St\u00fcckgute, Teilpartien und Komplettladungen in die wirtschaftlichen Zentren Osteuropas<\/li>\r\n \t<li>Teil- und Komplettpartien von und nach GB und Skandinavien<\/li>\r\n \t<li>Ansprechpartner: Nicolai Kranzeder, Kai Waschb\u00fcsch<\/li>\r\n<\/ul>\r\n<a class=\"button color1\" href=\"mailto:kai.waschbuesch@isg-saar.de\" target=\"_self\" data-cp-link=\"1\" data-icon=\"\">Kontakt zum Nord-\/Osteuropa-Team<\/a>\r\n\r\n<\/div>\r\n<div class=\"col-sm-6 space-bottom\">\r\n\r\n<i class=\"fa icon fa-codepen medium color1\"> <\/i>\r\n<h5>S\u00fcd- und Zentraleuropa<\/h5>\r\n<ul>\r\n \t<li>Italien, Schweiz,\u00a0\u00d6sterreich<\/li>\r\n \t<li>Regelm\u00e4\u00dfige St\u00fcckgutabfahrten<\/li>\r\n \t<li>Teil- und Komplettladungen<\/li>\r\n \t<li>Ansprechpartner: Thomas Wachs, Reiner Kranzeder, Candy Marx, Alex Lamattina<\/li>\r\n<\/ul>\r\n<a class=\"button color1\" href=\"mailto:thomas.wachs@isg-saar.de\" target=\"_self\" data-cp-link=\"1\" data-icon=\"\">Kontakt zum S\u00fcd-\/Zentraleuropa-Team<\/a>\r\n\r\n<\/div>\r\n<div class=\"col-sm-6\">\r\n\r\n<i class=\"fa icon fa-codepen medium color1\"> <\/i>\r\n<h5>S\u00fcd- und Westeuropa<\/h5>\r\n<ul>\r\n \t<li>Frankreich, Spanien, Portugal<\/li>\r\n \t<li>Kontinuierliche Teil- und Komplettladungen<\/li>\r\n \t<li>Regelm\u00e4\u00dfige St\u00fcckgutabfahrten<\/li>\r\n \t<li>Ansprechpartner: Francesco Bono, Sabine Thiel<\/li>\r\n<\/ul>\r\n<a class=\"button color1\" href=\"mailto:francesco.bono@isg-saar.de\" target=\"_self\" data-cp-link=\"1\" data-icon=\"\">Kontakt zum S\u00fcd-\/Westeuropa-Team<\/a>\r\n\r\n<\/div>\r\n<\/div>\r\n<\/div>\r\n<\/div>\r\n<\/div>\r\n<\/div>\r\n<div class=\"content-6 content-section content-section-spacing\" id=\"content-14\" style=\"background-color: #f5fafd;\" data-id=\"content-6\" data-label=\"Content\" data-export-id=\"content-6\" data-category=\"content\">\r\n<div class=\"gridContainer\">\r\n<div class=\"row text-center\">\r\n<div class=\"section-title-col\" data-type=\"column\">\r\n<h2>Bef\u00f6rderung und Umschlag<\/h2>\r\n<p class=\"lead\">Auch in Sachen Umschlag ist die ISG Ihr zuverl\u00e4ssiger Partner. Dank ausgedehnter Lagerm\u00f6glichkeiten und \u00fcber Jahre hinweg verinnerlichter Arbeitsabl\u00e4ufe funktioniert der Umschlag bei uns reibungslos.<\/p>\r\n\r\n<\/div>\r\n<\/div>\r\n<div class=\"row middle-sm\">\r\n<div class=\"col-sm-6\">\r\n<div class=\"row\">\r\n<div class=\"col-xs-12 space-bottom\" data-type=\"column\">\r\n<h3 class=\"color2\"><span style=\"color: #1dbc01; font-style: italic;\">Effektive Lagerung als Garant f\u00fcr reibungslose Abl\u00e4ufe<\/span><\/h3>\r\nDie St\u00e4rken der ISG in Sachen Lagerung:\r\n\r\n<\/div>\r\n<div class=\"col-xs-12\" data-type=\"row\">\r\n<div class=\"row space-bottom\">\r\n<div class=\"col-sm-2 text-center\"><i class=\"fa fa-codepen icon big color1\"><\/i><\/div>\r\n<div class=\"col-sm-10\" data-type=\"column\">\r\n<h5 class=\"color1\">Umfangreiche Lagerm\u00f6glichkeiten<\/h5>\r\nIn unseren Lagerr\u00e4umen k\u00f6nnen Ihre Lieferungen direkt weiterverarbeitet werden, ohne von Kapazit\u00e4tsproblemen gebremst zu werden. Es stehen ca. 5000 m\u00b2 gedeckte, frostsichere Lagerfl\u00e4che und ca. 2000 m\u00b2 Freifl\u00e4che zur Verf\u00fcgung.\r\n\r\n<\/div>\r\n<\/div>\r\n<div class=\"row space-bottom\">\r\n<div class=\"col-sm-2 text-center\"><i class=\"fa fa fa-paper-plane icon big color1\"><\/i><\/div>\r\n<div class=\"col-sm-10\" data-type=\"column\">\r\n<h5 class=\"color1\">Hohe Anzahl an Flurfahrzeugen<\/h5>\r\nDank eines gut ausgestatteten Lagersystems ist es uns m\u00f6glich, vielf\u00e4ltigste Waren bis zu einem St\u00fcckeinzelgewicht von 25 Tonnen zu handeln.\r\n\r\n<\/div>\r\n<\/div>\r\n<div class=\"row space-bottom\">\r\n<div class=\"col-sm-2 text-center\"><i class=\"fa fa-cubes icon big color1\"><\/i><\/div>\r\n<div class=\"col-sm-10\" data-type=\"column\">\r\n<h5 class=\"color1\">Jahrelang gefestigte Abl\u00e4ufe<\/h5>\r\nEffizienter Umschlag ist eine Teamleistung. Reibungslos funktionierende Abl\u00e4ufe sorgen f\u00fcr gro\u00dfe Effektivit\u00e4t.\r\n\r\n<\/div>\r\n<\/div>\r\n<\/div>\r\n<\/div>\r\n<\/div>\r\n<div class=\"col-sm-6 flexbox around-xs top-xs\">\r\n<div class=\"overlay-box flexbox middle-xs center-xs overlay-holder\">\r\n<div class=\"overlay-box-offset offset-border shadow-medium border-color2 hide-xs\"><\/div>\r\n<img class=\"flexbox shadow-large img1\" src=\"http:\/\/www.isg-saar.de\/wordpress\/wp-content\/uploads\/2018\/03\/cropped-20180226_113444-1.jpg\" data-size=\"600x400\" \/>\r\n\r\n<\/div>\r\n<\/div>\r\n<\/div>\r\n<\/div>\r\n<\/div>\r\n<div class=\"content-6-2 content-section content-section-spacing\" id=\"content-15\" style=\"background-color: #ffffff;\" data-id=\"content-6-2\" data-label=\"Content\" data-export-id=\"content-6-2\" data-category=\"content\">\r\n<div class=\"gridContainer\">\r\n<div class=\"row text-center\">\r\n<div class=\"section-title-col\" data-type=\"column\">\r\n<h2>Verzollung<\/h2>\r\n<p class=\"lead\">Als international agierendes Transportunternehmen beraten wir Sie gerne in Fragen der Ein-und Ausfuhr von Waren jeglicher Art. Unser Portfolio an Zoll-Dienstleistungen ist vielf\u00e4ltig.<\/p>\r\n\r\n<\/div>\r\n<\/div>\r\n<div class=\"row middle-sm\">\r\n<div class=\"col-sm-6 flexbox around-xs top-xs\">\r\n<div class=\"overlay-box flexbox middle-xs center-xs overlay-holder\">\r\n<div class=\"overlay-box-offset offset-border shadow-medium border-color2 hide-xs\"><\/div>\r\n<img class=\"flexbox shadow-large img1\" src=\"http:\/\/www.isg-saar.de\/wordpress\/wp-content\/uploads\/2018\/03\/cropped-Fotolia_81073449_Subscription_Monthly_M.jpg\" data-size=\"600x400\" \/>\r\n\r\n<\/div>\r\n<\/div>\r\n<div class=\"col-sm-6 space-top-xs\">\r\n<div class=\"row\">\r\n<div class=\"col-xs-12 space-bottom\" data-type=\"column\">\r\n<h3 class=\"color2\"><span style=\"color: #1dbc01; font-style: italic;\">Grenzenloser Transport mit der ISG!<\/span><\/h3>\r\nUnsere Leistungen im \u00dcberblick:\r\n\r\n<\/div>\r\n<div class=\"col-xs-12\" data-type=\"row\">\r\n<div class=\"row space-bottom\">\r\n<div class=\"col-sm-2 text-center\"><i class=\"fa fa-codepen icon big color1\"><\/i><\/div>\r\n<div class=\"col-sm-10\" data-type=\"column\">\r\n<h5 class=\"color1\">Einfuhr- und Ausfuhrzollabwicklung (ATLAS)<\/h5>\r\n&nbsp;\r\n\r\n<\/div>\r\n<\/div>\r\n<div class=\"row space-bottom\">\r\n<div class=\"col-sm-2 text-center\"><i class=\"fa fa icon fa-codepen big color1\"><\/i><\/div>\r\n<div class=\"col-sm-10\" data-type=\"column\">\r\n<h5 class=\"color1\">Versandmeldung T1&amp;T2 (NCTS-Verfahren)<\/h5>\r\n&nbsp;\r\n\r\n<\/div>\r\n<\/div>\r\n<div class=\"row space-bottom\">\r\n<div class=\"col-sm-2 text-center\"><i class=\"fa icon fa-codepen big color1\"><\/i><\/div>\r\n<div class=\"col-sm-10\" data-type=\"column\">\r\n<h5 class=\"color1\">Kommunikation mit verschiedenen Beh\u00f6rden<\/h5>\r\n&nbsp;\r\n\r\n<\/div>\r\n<\/div>\r\n<div class=\"row space-bottom\">\r\n<div class=\"col-sm-2 text-center\"><i class=\"fa fa-codepen icon big color1\"><\/i><\/div>\r\n<div class=\"col-sm-10\" data-type=\"column\">\r\n<h5 class=\"color1\">F\u00fchrung offener Zolllager und anderer, wirtschaftlich bedeutsamer Verfahren<\/h5>\r\n&nbsp;\r\n\r\n<\/div>\r\n<\/div>\r\n<div class=\"row space-bottom\">\r\n<div class=\"col-sm-2 text-center\"><i class=\"fa fa-codepen icon big color1\"><\/i><\/div>\r\n<div class=\"col-sm-10\" data-type=\"column\">\r\n<h5 class=\"color1\">Freier Verkehr<\/h5>\r\n&nbsp;\r\n\r\n<\/div>\r\n<\/div>\r\n<div class=\"row space-bottom\">\r\n<div class=\"col-sm-2 text-center\"><i class=\"fa fa-codepen icon big color1\"><\/i><\/div>\r\n<div class=\"col-sm-10\" data-type=\"column\">\r\n<h5 class=\"color1\">Schulung und Beratung<\/h5>\r\n&nbsp;\r\n\r\nIhre Ansprechpartnerin f\u00fcr Zollangelegenheiten aller Art ist <span style=\"font-weight: bold;\">Jennifer Wang<\/span>!\r\n\r\n<\/div>\r\n<\/div>\r\n<\/div>\r\n<\/div>\r\n<\/div>\r\n<\/div>\r\n<\/div>\r\n<\/div>","protected":false},"excerpt":{"rendered":"<p>Landverkehre Die ISG ist in Saarwellingen zu Hause und damit ideal ans deutsche und ans europ\u00e4ische Autobahnnetz angebunden. Wir agieren national und international, sind europaweit mit zuverl\u00e4ssigen Partnern vor Ort vernetzt und pflegen Kontakte in alle Industriezentren Europas. Das macht uns zum idealen Ansprechpartner f\u00fcr Transporte jeglicher Art. Effektives Arbeiten erfordert Flexibilit\u00e4t \u2013 eine unserer&hellip; <br \/> <a class=\"read-more\" href=\"http:\/\/isg-saar.de\/wordpress\/kontakt-2\/\">Weiterlesen<\/a><\/p>\n","protected":false},"author":1,"featured_media":0,"parent":0,"menu_order":0,"comment_status":"closed","ping_status":"closed","template":"pro\/page-templates\/full-width-page.php","meta":[],"_links":{"self":[{"href":"http:\/\/isg-saar.de\/wordpress\/wp-json\/wp\/v2\/pages\/17"}],"collection":[{"href":"http:\/\/isg-saar.de\/wordpress\/wp-json\/wp\/v2\/pages"}],"about":[{"href":"http:\/\/isg-saar.de\/wordpress\/wp-json\/wp\/v2\/types\/page"}],"author":[{"embeddable":true,"href":"http:\/\/isg-saar.de\/wordpress\/wp-json\/wp\/v2\/users\/1"}],"replies":[{"embeddable":true,"href":"http:\/\/isg-saar.de\/wordpress\/wp-json\/wp\/v2\/comments?post=17"}],"version-history":[{"count":0,"href":"http:\/\/isg-saar.de\/wordpress\/wp-json\/wp\/v2\/pages\/17\/revisions"}],"wp:attachment":[{"href":"http:\/\/isg-saar.de\/wordpress\/wp-json\/wp\/v2\/media?parent=17"}],"curies":[{"name":"wp","href":"https:\/\/api.w.org\/{rel}","templated":true}]}}