{"id":200,"date":"2018-02-07T16:08:50","date_gmt":"2018-02-07T15:08:50","guid":{"rendered":"http:\/\/www.isg-saar.de\/wordpress?page_id=200"},"modified":"2018-03-12T13:59:53","modified_gmt":"2018-03-12T12:59:53","slug":"ueber-die-isg","status":"publish","type":"page","link":"http:\/\/isg-saar.de\/wordpress\/ueber-die-isg\/","title":{"rendered":"\u00dcber die ISG"},"content":{"rendered":"<div class=\"about-1 content-section content-section-spacing\" id=\"about-1\" style=\"background-color: #ffffff;\" data-category=\"about\" data-id=\"about-1\" data-export-id=\"about-1\" data-label=\"About\" >\n<div class=\"gridContainer\" >\n<div class=\"row text-center\" >\n<div class=\"section-title-col\" data-type=\"column\" >\n<h5 >Was unser Unternehmen ausmacht:<\/h5>\n<h2 >Flexibilit\u00e4t. Zusammenhalt. Ehrgeiz.<\/h2>\n<p class=\"lead\" >Die ISG ist ein eingespieltes Team. Seit 2012 arbeiten wir mit vollem Einsatz daran, Ihre Anforderungen zu gr\u00f6\u00dfter Zufriedenheit zu erf\u00fcllen. Erg\u00e4nzt werden wir immer wieder von selbst ausgebildeten, jungen und motivierten Kr\u00e4ften, die schnell voll integrierter Teil unseres Teams sind. Bei uns tr\u00e4gt jeder Verantwortung und freut sich darauf, Ihre Auftr\u00e4ge entgegenzunehmen.<\/p>\n\n<\/div>\n<\/div>\n<div class=\"row\" >\n<div class=\"col-xs bottom-xs flexbox image-group-bottom-3-img space-bottom-xs center-xs\" ><img class=\"left-img shadow-large-black\" src=\"http:\/\/www.isg-saar.de\/wordpress\/wp-content\/uploads\/2018\/03\/cropped-20171031201835.jpg\"  data-size=\"500x300\"> <img class=\"center-img shadow-large-black\" src=\"http:\/\/www.isg-saar.de\/wordpress\/wp-content\/uploads\/2018\/03\/cropped-IMG-20180307-WA0000.jpg\"  data-size=\"500x300\"> <img class=\"right-img shadow-large-black\" src=\"http:\/\/www.isg-saar.de\/wordpress\/wp-content\/uploads\/2018\/03\/20171031202352.jpg\"  data-size=\"500x300\"><\/div>\n<\/div>\n<\/div>\n<\/div><div class=\"overlappable-1 content-section content-section-spacing\" id=\"overlappable-1\" style=\"background-color: #ffffff;\" data-category=\"overlappable\" data-id=\"overlappable-1\" data-overlap=\"true\" data-export-id=\"overlappable-1\" data-label=\"Overlappable\" >\n<div class=\"gridContainer\" >\n<div class=\"row shadow-medium flex-grow\" data-type=\"row\" >\n<div class=\"col-xs-12 col-sm-4 bg-color-white col-padding col-padding-small-xs\" data-type=\"column\" >\n\n<i class=\"fa icon fa-home color1\" > <\/i>\n<h5 >Unser Standort<\/h5>\nBeheimatet sind wir in Saarwellingen im Herzen des Saarlands. Zu Hause aber ist unsere Flotte in ganz Europa.\n\n<\/div>\n<div class=\"col-xs-12 col-sm-4 col-padding col-padding-small-xs inverted bg-color1\" data-type=\"column\" >\n\n<i class=\"fa icon white fa-thumb-tack color-black\" > <\/i>\n<h5 class=\"inverted\" >Unsere Philosophie<\/h5>\nZuverl\u00e4ssiger Transport geht nur gemeinsam. Wir pflegen Partnerschaften in ganz Europa, die uns noch flexibler machen.\n\n<\/div>\n<div class=\"col-xs-12 col-sm-4 bg-color6 col-padding col-padding-small-xs inverted\" data-type=\"column\" >\n\n<i class=\"fa icon fa-location-arrow color1\" > <\/i>\n<h5 class=\"inverted\" >Unsere Zukunft<\/h5>\nMit gro\u00dfer Innovationskraft wollen wir den Weg in die Zukunft beschreiten und gestalten. Darauf freuen wir uns!\n\n<\/div>\n<\/div>\n<\/div>\n<\/div>","protected":false},"excerpt":{"rendered":"<p>Was unser Unternehmen ausmacht: Flexibilit\u00e4t. Zusammenhalt. Ehrgeiz. Die ISG ist ein eingespieltes Team. Seit 2012 arbeiten wir mit vollem Einsatz daran, Ihre Anforderungen zu gr\u00f6\u00dfter Zufriedenheit zu erf\u00fcllen. Erg\u00e4nzt werden wir immer wieder von selbst ausgebildeten, jungen und motivierten Kr\u00e4ften, die schnell voll integrierter Teil unseres Teams sind. Bei uns tr\u00e4gt jeder Verantwortung und freut&hellip; <br \/> <a class=\"read-more\" href=\"http:\/\/isg-saar.de\/wordpress\/ueber-die-isg\/\">Weiterlesen<\/a><\/p>\n","protected":false},"author":1,"featured_media":0,"parent":0,"menu_order":0,"comment_status":"closed","ping_status":"closed","template":"pro\/page-templates\/full-width-page.php","meta":[],"_links":{"self":[{"href":"http:\/\/isg-saar.de\/wordpress\/wp-json\/wp\/v2\/pages\/200"}],"collection":[{"href":"http:\/\/isg-saar.de\/wordpress\/wp-json\/wp\/v2\/pages"}],"about":[{"href":"http:\/\/isg-saar.de\/wordpress\/wp-json\/wp\/v2\/types\/page"}],"author":[{"embeddable":true,"href":"http:\/\/isg-saar.de\/wordpress\/wp-json\/wp\/v2\/users\/1"}],"replies":[{"embeddable":true,"href":"http:\/\/isg-saar.de\/wordpress\/wp-json\/wp\/v2\/comments?post=200"}],"version-history":[{"count":0,"href":"http:\/\/isg-saar.de\/wordpress\/wp-json\/wp\/v2\/pages\/200\/revisions"}],"wp:attachment":[{"href":"http:\/\/isg-saar.de\/wordpress\/wp-json\/wp\/v2\/media?parent=200"}],"curies":[{"name":"wp","href":"https:\/\/api.w.org\/{rel}","templated":true}]}}