{"id":465,"date":"2018-05-18T11:30:04","date_gmt":"2018-05-18T09:30:04","guid":{"rendered":"http:\/\/isg-saar.de\/wordpress\/?page_id=465"},"modified":"2018-05-22T16:25:32","modified_gmt":"2018-05-22T14:25:32","slug":"isg-in-english-et-en-francais","status":"publish","type":"page","link":"http:\/\/isg-saar.de\/wordpress\/isg-in-english-et-en-francais\/","title":{"rendered":"Languages"},"content":{"rendered":"<div class=\"features-16-card-bordered content-section content-section-spacing\" id=\"features-10\" style=\"background-color: #ffffff;\" data-id=\"features-16-card-bordered\" data-category=\"features\" data-label=\"Features\" data-export-id=\"features-16-card-bordered\" >\n<div class=\"gridContainer\" >\n<div class=\"row spaced-cols\" data-type=\"row\" >\n<div class=\"col-xs-12 col-sm-6 col-md-6 \" >\n<div class=\"card no-padding bordered y-move\" >\n\n<img class=\"face\" src=\"http:\/\/isg-saar.de\/wordpress\/wp-content\/uploads\/2018\/05\/cropped-GB-Flagge.gif\" >\n<div class=\"col-padding-small col-padding-small-xs description-container\" data-type=\"column\" >\n<h4 class=\"font-500\" >English<\/h4>\nWho we are, where we work, what we do exactly? Concrete answers and everything you need to know:\n\n<\/div>\n<div class=\"col-padding-small col-padding-small-xs read-more-container\" data-type=\"column\" ><a class=\"read-more\" href=\"http:\/\/isg-saar.de\/wordpress\/this-is-isg\" target=\"_self\" data-cp-link=\"1\" >learn more<\/a><\/div>\n<\/div>\n<\/div>\n<div class=\"col-xs-12 col-sm-6 col-md-6 \" >\n<div class=\"card no-padding bordered y-move\" >\n\n<img class=\"face\" src=\"http:\/\/isg-saar.de\/wordpress\/wp-content\/uploads\/2018\/05\/cropped-Frankreich-Flagge.png\" >\n<div class=\"col-padding-small col-padding-small-xs description-container\" data-type=\"column\" >\n<h4 class=\"font-500\" >Fran\u00e7ais<\/h4>\nQui sommes-nous, o\u00f9 travaillons-nous, que faisons-nous exactement? Ici vous trouverez tout ce qui m\u00e9rite d\u2019\u00eatre connu:\n\n<\/div>\n<div class=\"col-padding-small col-padding-small-xs read-more-container\" data-type=\"column\" ><a class=\"read-more\" href=\"http:\/\/isg-saar.de\/wordpress\/cest-lisg\" target=\"_self\" data-cp-link=\"1\" >en savoir plus<\/a><\/div>\n<\/div>\n<\/div>\n<\/div>\n<\/div>\n<\/div>","protected":false},"excerpt":{"rendered":"<p>English Who we are, where we work, what we do exactly? Concrete answers and everything you need to know: learn more Fran\u00e7ais Qui sommes-nous, o\u00f9 travaillons-nous, que faisons-nous exactement? Ici vous trouverez tout ce qui m\u00e9rite d\u2019\u00eatre connu: en savoir plus<\/p>\n","protected":false},"author":1,"featured_media":0,"parent":0,"menu_order":0,"comment_status":"closed","ping_status":"closed","template":"pro\/page-templates\/full-width-page.php","meta":[],"_links":{"self":[{"href":"http:\/\/isg-saar.de\/wordpress\/wp-json\/wp\/v2\/pages\/465"}],"collection":[{"href":"http:\/\/isg-saar.de\/wordpress\/wp-json\/wp\/v2\/pages"}],"about":[{"href":"http:\/\/isg-saar.de\/wordpress\/wp-json\/wp\/v2\/types\/page"}],"author":[{"embeddable":true,"href":"http:\/\/isg-saar.de\/wordpress\/wp-json\/wp\/v2\/users\/1"}],"replies":[{"embeddable":true,"href":"http:\/\/isg-saar.de\/wordpress\/wp-json\/wp\/v2\/comments?post=465"}],"version-history":[{"count":0,"href":"http:\/\/isg-saar.de\/wordpress\/wp-json\/wp\/v2\/pages\/465\/revisions"}],"wp:attachment":[{"href":"http:\/\/isg-saar.de\/wordpress\/wp-json\/wp\/v2\/media?parent=465"}],"curies":[{"name":"wp","href":"https:\/\/api.w.org\/{rel}","templated":true}]}}